 61, 58193
What are the prime factors of 37734880?
2, 5, 181, 1303
What are the prime factors of 108807226?
2, 11, 4945783
List the prime factors of 28225290.
2, 3, 5, 709, 1327
What are the prime factors of 87080727?
3, 29026909
What are the prime factors of 136149522?
2, 3, 22691587
What are the prime factors of 274285805?
5, 19, 163, 17713
What are the prime factors of 143168193?
3, 7, 139, 16349
List the prime factors of 50440395.
3, 5, 3362693
What are the prime factors of 5623562527?
11, 511232957
What are the prime factors of 2401937?
43, 83, 673
What are the prime factors of 1970329212?
2, 3, 6081263
List the prime factors of 4664192844.
2, 3, 29, 59, 227167
List the prime factors of 1200641253.
3, 7, 31, 41, 44983
What are the prime factors of 1024847953?
3259, 314467
List the prime factors of 7148628.
2, 3, 66191
What are the prime factors of 31476679?
13, 2421283
What are the prime factors of 118369271?
29, 953, 4283
What are the prime factors of 263059807?
19, 73, 189661
List the prime factors of 529057.
17, 31121
What are the prime factors of 75995311?
7, 197, 55109
List the prime factors of 102593958.
2, 3, 19, 43, 20929
What are the prime factors of 2710738942?
2, 1355369471
What are the prime factors of 1083273150?
2, 3, 5, 17, 24989
List the prime factors of 515810589.
3, 7, 191, 128599
List the prime factors of 396439680.
2, 3, 5, 7, 13, 2269
List the prime factors of 271822614.
2, 3, 7, 6471967
What are the prime factors of 4882228111?
59, 3541, 23369
What are the prime factors of 1046283188?
2, 37, 7069481
List the prime factors of 341671245.
3, 5, 41, 211, 2633
What are the prime factors of 56508664?
2, 47, 137, 1097
List the prime factors of 284561383.
449, 633767
List the prime factors of 960525524.
2, 7, 34304483
List the prime factors of 3808642252.
2, 379, 2512297
List the prime factors of 531010963.
7, 17, 4462277
What are the prime factors of 1904903708?
2, 37, 12870971
What are the prime factors of 238268453?
6197, 38449
What are the prime factors of 501655923?
3, 557, 11119
What are the prime factors of 634653299?
7, 17, 647, 8243
List the prime factors of 1091256869.
1279, 853211
List the prime factors of 450016545.
3, 5, 11, 247943
What are the prime factors of 278447261?
19, 337, 43487
List the prime factors of 31147491.
3, 101, 102797
What are the prime factors of 1622750052?
2, 3, 7, 11, 250889
List the prime factors of 442814523.
3, 53, 2784997
List the prime factors of 432427889.
432427889
What are the prime factors of 347440104?
2, 3, 11, 79, 617
What are the prime factors of 210168322?
2, 7, 13, 1154771
What are the prime factors of 2577180937?
2577180937
List the prime factors of 165522443.
165522443
List the prime factors of 331288447.
7, 47326921
List the prime factors of 105637205.
5, 73, 289417
What are the prime factors of 13969393?
17, 48337
List the prime factors of 473638897.
19, 1213, 20551
List the prime factors of 49668462.
2, 3, 97, 28447
List the prime factors of 28284591.
3, 9428197
List the prime factors of 1035941957.
41, 563, 44879
What are the prime factors of 173048354?
2, 86524177
List the prime factors of 2946644401.
499, 5905099
List the prime factors of 897196483.
897196483
List the prime factors of 33359983.
33359983
What are the prime factors of 2634212705?
5, 1321, 398821
List the prime factors of 46338721.
11, 13, 23, 73, 193
What are the prime factors of 67959540?
2, 3, 5, 11, 17, 673
List the prime factors of 31701294.
2, 3, 17, 1279
List the prime factors of 3166763050.
2, 5, 11, 23, 59, 4243
List the prime factors of 35476799.
3109, 11411
List the prime factors of 41011957.
7, 263, 22277
List the prime factors of 839512912.
2, 7, 157, 47743
What are the prime factors of 208241658?
2, 3, 463, 8329
What are the prime factors of 46920793?
46920793
What are the prime factors of 52366543?
109, 480427
What are the prime factors of 14958771?
3, 31, 239, 673
List the prime factors of 44455344.
2, 3, 926153
What are the prime factors of 169784431?
169784431
List the prime factors of 2243523342.
2, 3, 37, 10105961
List the prime factors of 83765111.
359, 233329
What are the prime factors of 244266203?
244266203
List the prime factors of 2030484969.
3, 163, 181, 2549
What are the prime factors of 4241175429?
3, 1413725143
List the prime factors of 4176869.
23, 181603
List the prime factors of 128128995.
3, 5, 181, 15731
List the prime factors of 207316838.
2, 293, 353783
What are the prime factors of 692617483?
692617483
What are the prime factors of 982974967?
13, 37, 47, 43481
What are the prime factors of 7625132950?
2, 5, 152502659
What are the prime factors of 28958323?
3203, 9041
List the prime factors of 1996111224.
2, 3, 37, 89, 8419
What are the prime factors of 76701582?
2, 3, 4261199
What are the prime factors of 355067927?
1867, 190181
What are the prime factors of 26633525?
5, 37, 28793
List the prime factors of 72063999.
3, 7, 149, 853
What are the prime factors of 147045448?
2, 11, 1670971
List the prime factors of 2816489922.
2, 3, 127, 3696181
What are the prime factors of 376647003?
3, 4649963
List the prime factors of 42366363.
3, 13, 17, 63901
What are the prime factors of 4804216569?
3, 177933947
List the prime factors of 82265488.
2, 157, 32749
What are the prime factors of 152997602?
2, 461, 165941
List the prime factors of 3097069082.
2, 1548534541
What are the prime factors of 776412311?
23, 821, 41117
List the prime factors of 1556135869.
1556135869
List the prime factors of 5236430079.
3, 23, 75890291
What are the prime factors of 207589095?
3, 5, 7, 107, 2053
What are the prime factors of 21325816?
2, 2665727
List the prime factors of 255043415.
5, 11, 839, 5527
List the prime factors of 1454538864.
2, 3, 137, 373, 593
What are the prime factors of 636017583?
3, 17, 47, 265339
List the prime factors of 44397870.
2, 3, 5, 11, 19, 73, 97
What are the prime factors of 6215183577?
3, 1811, 381323
List the prime factors of 94754804.
2, 17, 1393453
What are the prime factors of 208457114?
2, 163, 639439
What are the prime factors of 1673805755?
5, 271, 1235281
What are the prime factors of 1085571088?
2, 7, 149, 9293
List the prime factors of 251901243.
3, 11, 2544457
What are the prime factors of 8573754?
2, 3, 7, 204137
List the prime factors of 6234773727.
3, 7, 13, 22837999
List the prime factors of 724569735.
3, 5, 1489, 32441
What are the prime factors of 359536971?
3, 71, 281, 6007
What are the prime factors of 30242568?
2, 3, 631, 1997
List the prime factors of 4184101922.
2, 7, 11, 13, 941, 2221
What are the prime factors of 206134003?
103, 557, 3593
What are the prime factors of 283391849?
13, 773, 28201
List the prime factors of 590177484.
2, 3, 13, 199, 6337
What are the prime factors of 113472704?
2, 311, 5701
List the prime factors of 1209890110.
2, 5, 11, 13, 101, 8377
List the prime factors of 632463141.
3, 7237, 29131
List the prime factors of 41889466.
2, 3433, 6101
List the prime factors of 193807952.
2, 13, 67, 13907
What are the prime factors of 225255186?
2, 3, 13, 37, 26017
What are the prime factors of 1091244625?
5, 29, 461, 653
What are the prime factors of 629789899?
89, 167, 42373
List the prime factors of 3018971532.
2, 3, 41, 6136121
List the prime factors of 148618915.
5, 29723783
What are the prime factors of 529793899?
17, 577, 54011
What are the prime factors of 231159097?
13, 17781469
List the prime factors of 5793841497.
3, 1931280499
List the prime factors of 413076240.
2, 3, 5, 31, 199
List the prime factors of 968708463.
3, 3299, 97879
What are the prime factors of 38648134?
2, 7, 31, 89051
What are the prime factors of 925044677?
925044677
List the prime factors of 3681198338.
2, 10169, 181001
List the prime factors of 169531869.
3, 13, 173, 25127
What are the prime factors of 7655194?
2, 101, 37897
What are the prime factors of 121554305?
5, 19, 1279519
List the prime factors of 3264838610.
2, 5, 11, 17, 41, 97, 439
List the prime factors of 55718401.
17, 149, 21997
List the prime factors of 69231856.
2, 4326991
List the prime factors of 67966880.
2, 5, 31, 71, 193
What are the prime factors of 16463924?
2, 4115981
What are the prime factors of 38191141?
37, 1032193
List the prime factors of 64118726.
2, 7, 31, 147739